751
Convert -16b6844 (base 12) to base 8.
-22000064
1100000110000010 (base 2) to base 16
c182
Convert -1455a8 (base 13) to base 11.
-30a868
Convert 10222002121 (base 3) to base 9.
128077
What is 8361137 (base 11) in base 5?
12233314404
Convert 142a034 (base 11) to base 5.
1112132034
What is -213141212 (base 5) in base 16?
-deab9
Convert 1022011120201 (base 3) to base 6.
22500501
What is 209491a (base 11) in base 2?
1110000010110000101101
39c807 (base 16) to base 8
16344007
What is -1002110333001 (base 4) in base 7?
-300535203
Convert -101212201210202 (base 3) to base 14.
-aa6da5
What is 1c4012 (base 15) in base 11?
863122
Convert -22aad (base 14) to base 4.
-110213101
177431 (base 11) to base 10
273373
Convert 311241343 (base 5) to base 9.
2352370
What is 20322421 (base 5) in base 16?
28d44
What is 21302240 (base 5) in base 6?
3520334
What is 3413302 (base 5) in base 15?
12da2
What is -46346 (base 9) in base 7?
-156045
2155533 (base 7) to base 11
171a14
Convert -2123141 (base 5) to base 3.
-1211110001
Convert 1202a42 (base 11) to base 6.
112543005
-2233021 (base 4) to base 7
-44452
What is -312421341 (base 5) in base 3?
-2102210201011
5761014 (base 9) to base 13
84bb33
61427 (base 12) to base 6
2414451
Convert 11521023 (base 6) to base 12.
159173
What is 25a5b2 (base 12) in base 8?
2271726
What is 6505215 (base 7) in base 9?
1436066
What is -11101100011111000000000 (base 2) in base 13?
-17b41a2
Convert -3d100 (base 16) to base 4.
-331010000
-eed682 (base 15) to base 14
-1725271
1012273 (base 8) to base 4
1001102323
Convert 32422335 (base 6) to base 8.
3541323
Convert -259280 (base 13) to base 14.
-198062
Convert -2157521 (base 11) to base 2.
-1110011100101000111011
6bf (base 16) to base 13
a2b
Convert -2122002111010 (base 3) to base 6.
-45554133
What is 10001010010100001110 (base 2) in base 14?
10a674
Convert -122102101102012 (base 3) to base 11.
-5254141
What is 1011111010101011101 (base 2) in base 14?
a2445
Convert -2430663 (base 7) to base 11.
-1a1a60
Convert -111100100000010 (base 2) to base 4.
-13210002
-1136 (base 8) to base 7
-1524
Convert 11030033221 (base 4) to base 2.
101001100001111101001
2403547 (base 8) to base 4
2200131213
-22460 (base 10) to base 3
-1010210212
212154 (base 12) to base 8
1773520
Convert -21116583 (base 9) to base 10.
-10167843
107451 (base 13) to base 16
5e956
Convert -3111451 (base 6) to base 11.
-a22a7
70e6b (base 16) to base 6
13524535
240034324 (base 5) to base 10
1096214
What is 404076 (base 9) in base 15?
4ad06
Convert -131112223 (base 4) to base 16.
-1d5ab
-dd1c5 (base 16) to base 15
-12d52e
What is 239b91 (base 14) in base 9?
2255544
8750b (base 15) to base 5
102223021
What is 227992 (base 11) in base 7?
3035035
What is -141543025 (base 7) in base 8?
-43274015
What is -203003202 (base 5) in base 15?
-11576c
Convert -314542 (base 7) to base 15.
-11214
What is -1898f (base 16) in base 7?
-566510
Convert 302020302 (base 4) to base 15.
40cac
-249682b (base 14) to base 2
-1000011000010100100100111
Convert -48716 (base 11) to base 5.
-4220301
Convert 111001000110010011 (base 2) to base 15.
4946a
What is -13562 (base 16) in base 10?
-79202
Convert 1111010100110 (base 2) to base 3.
101202121
What is 109e7 (base 15) in base 5?
3142432
110211121112220 (base 3) to base 10
6822384
What is -17a0258 (base 11) in base 14?
-593cd3
What is -2002102200001 (base 3) in base 10?
-1110754
Convert 83129 (base 13) to base 9.
387665
What is -257581 (base 10) in base 13?
-9031c
76921 (base 15) to base 7
3126124
-3876213 (base 9) to base 2
-1000000100111001000110
What is -2346285 (base 9) in base 3?
-2101120022212
What is 13533532 (base 6) in base 5?
104313040
-10122010010002 (base 3) to base 7
-22262222
Convert -ad093 (base 14) to base 3.
-210100002010
What is d033d (base 16) in base 8?
3201475
Convert 2603802 (base 10) to base 13.
702216
Convert e21106 (base 15) to base 12.
3719036
What is -1001210212 (base 3) in base 2?
-101001000001010
Convert 95339 (base 15) to base 9.
801130
What is c3534b (base 13) in base 2?
10001010111100000110010
Convert -105301511 (base 6) to base 12.
-794897
What is 3330344213 (base 5) in base 8?
33606752
Convert -111012200220 (base 3) to base 13.
-91488
-1220365 (base 11) to base 9
-3885650
Convert 13214036 (base 7) to base 5.
302321104
What is 124400 (base 5) in base 14?
1b55
Convert -4001344423 (base 5) to base 9.
-15670262
Convert -35307312 (base 8) to base 14.
-104796a
-4bc819 (base 14) to base 13
-704336
What is 1000001001100101000111 (base 2) in base 8?
10114507
132856 (base 9) to base 6
1422253
648f9 (base 16) to base 2
1100100100011111001
Convert -8880 (base 11) to base 12.
-6934
-378100b (base 12) to base 4
-221131023023
Convert -b61b (base 15) to base 4.
-21121211
Convert 304351520 (base 7) to base 6.
1434041055
-5416821 (base 10) to base 4
-110222131311
What is -4452212 (base 8) in base 2?
-100100101010010001010
Convert 1427406 (base 14) to base 16.
9531fe
What is 596208 (base 14) in base 3?
12202001011222
What is -1c2284 (base 13) in base 6?
-23224025
b7f73 (base 16) to base 11
475151
1663556 (base 7) to base 10
234212
10010011110111110 (base 2) to base 16
127be
Convert 1127153 (base 9) to base 15.
c05e9
What is 260212 (base 8) in base 10?
90250
Convert 21403400 (base 5) to base 12.
8ab82
365368 (base 14) to base 15
26a963
Convert -201021223 (base 5) to base 16.
-c2e69
Convert -13325 (base 11) to base 6.
-224024
-26169a5 (base 11) to base 6
-241055151
Convert 62589 (base 14) to base 15.
4a3aa
What is 1011201221221 (base 3) in base 5?
124442344
What is 22012111200 (base 3) in base 12?
79546
-10011101010100111101 (base 2) to base 12
-270b11
Convert 12421214 (base 5) to base 3.
20021011000
What is -ad781 (base 15) in base 14?
-10515b
-324130234 (base 6) to base 3
-101220112010111
7f6a1 (base 16) to base 7
4302354
What is 1150205 (base 6) in base 10?
60989
What is 2011132 (base 4) in base 9?
12641
-1641402 (base 7) to base 10
-228636
Convert 326a8b (base 15) to base 6.
123252222
What is -e347b (base 15) in base 9?
-1316448
Convert -100304233 (base 5) to base 2.
-1100001110010111000
What is -5591b (base 12) in base 15?
-23a0e
Convert -2150141 (base 6) to base 13.
-39cb2
3524653 (base 7) to base 15
8b60d
507611 (base 10) to base 16
7bedb
Convert -63cb4 (base 14) to base 10.
-241238
What is -654151 (base 8) in base 13?
-78a39
Convert 8381578 (base 11) to base 10.
14774790
What is 121212200122 (base 3) in base 16?
511a6
22149 (base 13) to base 10
61746
Convert b0b08b (base 14) to base 12.
1ba922b
2867808 (base 9) to base 3
2222021220022
What is 1020526 (base 7) in base 13?
43b19
What is 31e48 (base 15) in base 9?
261335
What is -32b80 (base 12) in base 11?
-46662
What is 3c3c0 (base 13) in base 7?
646413
Convert 56152a5 (base 11) to base 5.
10010031024
-3520725 (base 8) to base 14
-1ad673
-1703864 (base 11) to base 13
-7a8a19
What is -1524b (base 14) in base 12?
-2652b
Convert -20301213122 (base 4) to base 16.
-2319da
What is -849160 (base 12) in base 10?
-2089368
What is -30731530 (base 9) in base 11?
-8387837
Convert -10061c5 (base 13) to base 8.
-22355601
What is -110102303 (base 4) in base 2?
-10100010010110011
Convert 83c93 (base 13) to base 10.
237227
101000011101001110 (base 2) to base 6
3315102
Convert -58a68a (base 12) to base 3.
-2200120020221
What is -110101101110000110 (base 2) in base 16?
-35b86
What is 23257 (base 16) in base 5?
14101314
202222330 (base 4) to base 3
21012210201
What is -179791 (base 13) in base 10?
-592294
829251 (base 10) to base 3
1120010112000
What is 587017 (base 9) in base 13?
c47b6
What is 220133000 (base 4) in base 3?
22102110122
What is -44132122 (base 6) in base 7?
-14131031
-111011101000100100001 (base 2) to base 12
-7a2a01
10101100010110101110 (base 2) to base 16
ac5ae
What is 11111220001 (base 3) in base 7?
520030
What is 1127136 (base 8) in base 4?
1022321132
-30132021103 (base 4) to base 3
-20011002111121
What is -79501 (base 11) in base 2?
-11100000110000000
-15310304 (base 8) to base 2
-1101011001000011000100
6426340 (base 9) to base 5
1340130432
-3352520 (base 6) to base 14
-46156
Convert -3043224 (base 6) to base 12.
-70514
73539 (base 16) to base 5
110104002
What is -bca91a (base 13) in base 7?
-52554062
What is -2b3f (base 16) in base 4?
-2230